r of 887?
False
Is 4360 a multiple of 10?
True
Is 21 a factor of 278?
False
Is 13 a factor of 52728?
True
Does 12 divide 5604?
True
Is 2376 a multiple of 9?
True
Is 11 a factor of 827?
False
Is 27 a factor of 2315?
False
Is 78 a factor of 9568?
False
Is 372 a multiple of 12?
True
Is 84 a factor of 420?
True
Is 20605 a multiple of 3?
False
Does 31 divide 1488?
True
Is 16 a factor of 12032?
True
Is 174 a multiple of 29?
True
Is 8 a factor of 12638?
False
Does 330 divide 57672?
False
Is 16936 a multiple of 116?
True
Does 14 divide 1680?
True
Does 21 divide 735?
True
Is 25 a factor of 1438?
False
Is 21 a factor of 7668?
False
Does 38 divide 245?
False
Is 5170 a multiple of 92?
False
Is 15 a factor of 17070?
True
Is 6 a factor of 2734?
False
Does 47 divide 2202?
False
Does 13 divide 473?
False
Is 55 a factor of 9955?
True
Is 11 a factor of 530?
False
Is 1329 a multiple of 64?
False
Is 40538 a multiple of 9?
False
Is 10802 a multiple of 267?
False
Is 29 a factor of 727?
False
Is 728 a multiple of 8?
True
Is 6620 a multiple of 331?
True
Is 34 a factor of 964?
False
Does 14 divide 602?
True
Does 62 divide 2637?
False
Is 15 a factor of 996?
False
Is 21 a factor of 24?
False
Does 13 divide 16848?
True
Does 19 divide 3781?
True
Is 93 a multiple of 24?
False
Is 389 a multiple of 14?
False
Is 18 a factor of 509?
False
Is 14304 a multiple of 145?
False
Is 52 a factor of 1112?
False
Is 315 a multiple of 9?
True
Is 1225 a multiple of 24?
False
Is 264 a multiple of 4?
True
Is 44 a factor of 41285?
False
Is 441 a multiple of 7?
True
Does 11 divide 6171?
True
Is 24 a factor of 4176?
True
Is 656 a multiple of 16?
True
Is 16 a factor of 15632?
True
Does 132 divide 48444?
True
Is 36704 a multiple of 74?
True
Does 98 divide 490?
True
Is 5691 a multiple of 7?
True
Is 17 a factor of 12631?
True
Is 86 a factor of 4214?
True
Is 29223 a multiple of 153?
True
Is 48336 a multiple of 19?
True
Is 9024 a multiple of 112?
False
Is 301 a multiple of 5?
False
Is 1019 a multiple of 24?
False
Is 459 a multiple of 30?
False
Does 24 divide 7248?
True
Does 38 divide 5092?
True
Is 76245 a multiple of 221?
True
Does 11 divide 40856?
False
Is 840 a multiple of 27?
False
Is 60 a multiple of 10?
True
Is 3197 a multiple of 142?
False
Does 10 divide 620?
True
Is 1825 a multiple of 6?
False
Does 24 divide 9072?
True
Is 179 a factor of 99156?
False
Is 81 a factor of 2349?
True
Does 18 divide 14436?
True
Does 49 divide 2755?
False
Is 9030 a multiple of 301?
True
Is 51362 a multiple of 56?
False
Does 80 divide 640?
True
Does 119 divide 9827?
False
Does 18 divide 14670?
True
Does 54 divide 3565?
False
Is 11 a factor of 2150?
False
Does 7 divide 14638?
False
Is 6 a factor of 16776?
True
Is 5 a factor of 5480?
True
Is 21574 a multiple of 4?
False
Does 17 divide 209?
False
Does 19 divide 25039?
False
Does 36 divide 2836?
False
Is 4680 a multiple of 36?
True
Does 4 divide 192?
True
Is 928 a multiple of 7?
False
Is 5 a factor of 1835?
True
Is 179 a factor of 1074?
True
Is 718 a multiple of 22?
False
Is 5278 a multiple of 91?
True
Is 1127 a multiple of 17?
False
Does 2 divide 45?
False
Does 3 divide 4415?
False
Is 3750 a multiple of 15?
True
Is 300 a multiple of 20?
True
Is 10 a factor of 2177?
False
Does 38 divide 3523?
False
Is 2786 a multiple of 26?
False
Does 9 divide 21461?
False
Is 1350 a multiple of 50?
True
Is 4 a factor of 576?
True
Is 60 a factor of 45240?
True
Does 16 divide 13520?
True
Is 10917 a multiple of 44?
False
Does 25 divide 8450?
True
Is 3235 a multiple of 9?
False
Is 4060 a multiple of 6?
False
Is 10 a factor of 11378?
False
Is 342 a multiple of 18?
True
Is 58 a factor of 23469?
False
Is 64128 a multiple of 192?
True
Is 121 a factor of 5073?
False
Is 48 a factor of 3360?
True
Is 102 a factor of 36822?
True
Is 138 a factor of 17917?
False
Is 45 a factor of 17318?
False
Is 1176 a multiple of 2?
True
Does 154 divide 6006?
True
Is 34753 a multiple of 40?
False
Is 14 a factor of 3535?
False
Is 28 a factor of 328?
False
Is 9 a factor of 378?
True
Is 5 a factor of 651?
False
Is 709 a multiple of 9?
False
Does 24 divide 456?
True
Is 1816 a multiple of 15?
False
Is 47 a factor of 19606?
False
Does 49 divide 4842?
False
Is 9867 a multiple of 13?
True
Is 5 a factor of 6603?
False
Is 94 a factor of 1791?
False
Is 1531 a multiple of 45?
False
Is 38 a factor of 684?
True
Does 14 divide 2856?
True
Is 19 a factor of 1310?
False
Does 23 divide 3649?
False
Does 11 divide 830?
False
Is 26 a factor of 274?
False
Does 6 divide 3636?
True
Is 25482 a multiple of 137?
True
Does 26 divide 13000?
True
Is 34 a factor of 23002?
False
Is 5518 a multiple of 92?
False
Is 78 a factor of 1409?
False
Does 49 divide 931?
True
Is 980 a multiple of 35?
True
Does 30 divide 44040?
True
Is 18905 a multiple of 8?
False
Is 7 a factor of 2977?
False
Does 60 divide 1530?
False
Is 202 a factor of 5924?
False
Is 103 a factor of 13738?
False
Does 56 divide 19897?
False
Does 110 divide 39441?
False
Does 3 divide 388?
False
Is 2472 a multiple of 6?
True
Is 5 a factor of 349?
False
Does 205 divide 34440?
True
Is 1443 a multiple of 44?
False
Is 1864 a multiple of 16?
False
Is 32166 a multiple of 19?
False
Is 18524 a multiple of 15?
False
Does 135 divide 3105?
True
Is 61 a factor of 2806?
True
Is 3426 even?
True
Is 168 a factor of 49346?
False
Is 81840 a multiple of 248?
True
Is 3 a factor of 1083?
True
Is 1491 a multiple of 17?
False
Is 37 a factor of 13579?
True
Is 50 a factor of 750?
True
Is 240 a multiple of 10?
True
Does 2 divide 3010?
True
Is 4 a factor of 70?
False
Is 364 a multiple of 10?
False
Is 1453 a multiple of 30?
False
Is 1549 a multiple of 3?
False
Is 15 a factor of 654?
False
Does 74 divide 2641?
False
Is 16 a factor of 432?
True
Is 5565 a multiple of 35?
True
Is 5122 a multiple of 29?
False
Does 11 divide 25553?
True
Is 44 a factor of 792?
True
Is 1946 a multiple of 14?
True
Is 56 a factor of 616?
True
Is 56867 a multiple of 19?
True
Is 9 a factor of 1062?
True
Does 4 divide 369?
False
Is 37 a factor of 1894?
False
Does 20 divide 45140?
True
Does 95 divide 190?
True
Is 34 a factor of 32624?
False
Is 37 a factor of 32663?
False
Is 2 a factor of 70?
True
Does 3 divide 508?
False
Is 2788 a multiple of 104?
False
Is 19600 a multiple of 28?
True
Does 18 divide 3259?
False
Is 2222 a multiple of 33?
False
Is 7 a factor of 420?
True
Is 6 a factor of 577?
False
Does 72 divide 15768?
True
Is 10 a factor of 1530?
True
Does 8 divide 80928?
True
Does 17 divide 590?
False
Does 16 divide 5364?
False
Is 84 a multiple of 7?
True
Does 21 divide 796?
False
Is 40357 a multiple of 7?
False
Does 33 divide 35409?
True
Is 160 a multiple of 10?
True
Is 60371 a multiple of 33?
False
Does 31 divide 1302?
True
Does 4 divide 1285?
False
Is 30 a factor of 7953?
False
Does 161 divide 3944?
False
Does 84 divide 7392?
True
Is 2398 a multiple of 11?
True
Is 180 a multiple of 2?
True
Is 21 a factor of 4536?
True
Is 405 a multiple of 5?
True
Is 79 a factor of 53783?
False
Is 18 a multiple of 4?
False
Does 46 divide 138?
True
Is 32 a factor of 1408?
True
Is 353 a multiple of 3?
False
Does 58 divide 1160?
True
Does 166 divide 22410?
True
Does 44 divide 41399?
False
Is 15 a factor of 1260?
True
Is 13 a factor of 20696?
True
Does 14 divide 3584?
True
Does 40 divide 78520?
True
Does 21 divide 39585?
True
Does 84 divide 116760?
True
Is 12920 a multiple of 85?
True
Is 39 a factor of 352?
False
Is 11408 a multiple of 124?
True
Is 6 a factor of 7116?
True
Is 197 a factor of 104213?
True
Does 2 divide 842?
True
Does 17 divide 9282?
True
Is 105031 a multiple of 18?
False
Is 18 a factor of 12627?
False
Does 187 divide 5423?
True
Is 14 a factor of 8655?
False
Does 26 divide 1092?
True
Is 15 a factor of 502?
False
Is 12 a factor of 1299?
False
Is 69 a multiple of 10?
False
Does 13 divide 167?
False
Does 16 divide 7101?
False
Is 3920 even?
True
Is 24462 a multiple of 162?
True
Is 154 a multiple of 21?
False
Is 12 a factor of 297?
False
Is 3 a factor of 3588?
True
Is 2 a factor of 704?
True
Is 3460 a multiple of 134?
False
Is 5089 a multiple of 81?
False
Is 278 a multiple of 38?
False
Is 10 a factor of 40?
True
Is 3 a factor of 265?
False
Does 71 divide 1729?
False
Does 17 divide 561?
True
Is 56 a factor of 5042?
False
Is 47 a factor of 742?
False
Is 2320 a m